{"id":2078,"date":"2022-09-20T06:54:55","date_gmt":"2022-09-20T06:54:55","guid":{"rendered":"https:\/\/www.escuela-hablamos.com\/?page_id=2078"},"modified":"2026-04-27T07:10:08","modified_gmt":"2026-04-27T07:10:08","slug":"cultural-activities-at-hablamos","status":"publish","type":"page","link":"https:\/\/www.escuela-hablamos.com\/fr\/cultural-activities-at-hablamos\/","title":{"rendered":"Activit\u00e9s culturelles \u00e0 Hablamos"},"content":{"rendered":"<div class=\"wpb-content-wrapper\"><div data-parent=\"true\" class=\"vc_row row-container\" id=\"row-unique-4\"><div class=\"row unequal no-top-padding no-bottom-padding no-h-padding full-width row-parent\"><div class=\"wpb_row row-inner\"><div class=\"wpb_column pos-top pos-center align_left column_parent col-lg-6 single-internal-gutter\"><div class=\"uncol style-light animate_when_almost_visible left-t-right\"  ><div class=\"uncoltable\" style=\"min-height: 340px;\"><div class=\"uncell no-block-padding\" ><div class=\"column-background background-element\">\n\t\t\t\t\t\t\t\t\t\t\t<div class=\"background-wrapper\">\n\t\t\t\t\t\t\t\t\t\t\t\t<div class=\"background-inner\" style=\"background-image: url(https:\/\/www.escuela-hablamos.com\/wp-content\/uploads\/2022\/09\/free-hablamos.jpg);background-repeat: no-repeat;background-position: center center;background-size: cover;\" data-o_src=\"https:\/\/www.escuela-hablamos.com\/wp-content\/uploads\/2022\/09\/free-hablamos.jpg\"><\/div>\n\t\t\t\t\t\t\t\t\t\t\t\t\n\t\t\t\t\t\t\t\t\t\t\t<\/div>\n\t\t\t\t\t\t\t\t\t\t<\/div><div class=\"uncont\" ><\/div><\/div><\/div><\/div><\/div><div class=\"wpb_column pos-middle pos-left align_left column_parent col-lg-6 single-internal-gutter\"><div class=\"uncol style-light animate_when_almost_visible right-t-left\"  ><div class=\"uncoltable\"><div class=\"uncell no-block-padding\" ><div class=\"uncont\" ><div class=\"vc_row row-internal row-container\"><div class=\"row row-child\"><div class=\"wpb_row row-inner\"><div class=\"wpb_column pos-top pos-left align_left column_child col-lg-12 half-internal-gutter\"><div class=\"uncol style-light\" ><div class=\"uncoltable\"><div class=\"uncell single-block-padding\" ><div class=\"uncont\" style=\" max-width:80%;\" ><div class=\"vc_custom_heading_wrap\"><div class=\"heading-text el-text\" data-marquee-speed=\"\"><h3 class=\"h3 font-weight-400 text-color-620122-color text-uppercase un-text-marquee un-marquee\" ><span><mark>Hablamos<\/mark> votre \u00e9cole de langue espagnole \u00e0 Madrid, avec plus de 35 ans d&#8217;exp\u00e9rience<\/span><\/h3><\/div><div class=\"clear\"><\/div><\/div><div class=\"empty-space empty-single\" ><span class=\"empty-space-inner\"><\/span><\/div>\n<div class=\"vc_custom_heading_wrap\"><div class=\"heading-text el-text\" ><h1 class=\"h2\" ><span>Activit\u00e9s sociales et culturelles \u00e0 Hablamos<\/span><\/h1><\/div><div class=\"clear\"><\/div><\/div><div class=\"uncode_text_column\" ><p><mark>Hablamos<\/mark> organise des activit\u00e9s culturelles et sociales chaque semaine pour les \u00e9tudiants de nos cours intensifs de 20 heures par semaine. Ces activit\u00e9s sont tr\u00e8s agr\u00e9ables et amusantes, et aussi tr\u00e8s int\u00e9ressantes : nos \u00e9tudiants apprennent la culture espagnole en visitant des mus\u00e9es, des lieux d&#8217;int\u00e9r\u00eat, des parties de la culture espagnole qui sont essentielles pour conna\u00eetre l&#8217;Espagne. En m\u00eame temps, nos \u00e9tudiants continuent \u00e0 apprendre le vocabulaire li\u00e9 \u00e0 ces activit\u00e9s et le mettent en pratique.<\/p>\n<p><!--Chaque semaine, <mark>Hablamos<\/mark> organise \u00e9galement un <strong>\u00e9v\u00e9nement en ligne gratuit<\/strong> dans son espace culturel en ligne, ouvert \u00e0 tous, qu'ils soient ou non \u00e9tudiants d'<mark>Hablamos<\/mark>. Lors de ces \u00e9v\u00e9nements en ligne, nous organiserons des conf\u00e9rences en espagnol sur des sujets culturels d'int\u00e9r\u00eat, des visites virtuelles de monuments et de mus\u00e9es c\u00e9l\u00e8bres en Espagne, etc. <strong>Chaque semaine, un \u00e9v\u00e9nement en ligne diff\u00e9rent sera organis\u00e9 et publi\u00e9 sur ce site web. Ces \u00e9v\u00e9nements sont gratuits et il n'est pas n\u00e9cessaire d'\u00eatre inscrit \u00e0 l'\u00e9cole<\/strong>. La seule condition est d'avoir au moins le niveau A2 en espagnol.\n<strong><u><a href=\"https:\/\/campus.cambridge-house.com\/pages\/public\/inscripcionEventoOnline.jsf\" target=\"_blank\" rel=\"noopener\">Vous pouvez r\u00e9server votre place ici<\/a><\/u><\/strong>--><\/p>\n<\/div><div class=\"empty-space empty-double\" ><span class=\"empty-space-inner\"><\/span><\/div>\n<\/div><\/div><\/div><\/div><\/div><\/div><\/div><\/div><\/div><\/div><\/div><\/div><\/div><script id=\"script-row-unique-4\" data-row=\"script-row-unique-4\" type=\"text\/javascript\" class=\"vc_controls\">UNCODE.initRow(document.getElementById(\"row-unique-4\"));<\/script><\/div><\/div><\/div><div data-parent=\"true\" class=\"vc_row has-bg need-focus style-Hablamos-blue3-bg row-container\" id=\"row-unique-11\"><div class=\"row unequal col-double-gutter triple-top-padding triple-bottom-padding single-h-padding limit-width row-parent\"><div class=\"wpb_row row-inner\"><div class=\"wpb_column pos-top pos-center align_left column_parent col-lg-12 half-internal-gutter\"><div class=\"uncol style-light animate_when_almost_visible top-t-bottom\"  ><div class=\"uncoltable\"><div class=\"uncell no-block-padding\" ><div class=\"uncont\" ><div class=\"vc_custom_heading_wrap\"><div class=\"heading-text el-text\" ><h2 class=\"h3\" ><span>Notre activit\u00e9 culturelle sur place pour cette semaine est maintenant disponible<\/span><\/h2><\/div><div class=\"clear\"><\/div><\/div><div class=\"empty-space empty-half\" ><span class=\"empty-space-inner\"><\/span><\/div>\n<div class=\"vc_row row-internal row-container\"><div class=\"row col-double-gutter row-child\"><div class=\"wpb_row row-inner\"><div class=\"wpb_column pos-top pos-center align_left column_child col-lg-12 half-internal-gutter\"><div class=\"uncol style-light\" ><div class=\"uncoltable\"><div class=\"uncell no-block-padding\" ><div class=\"uncont\" ><div class=\"vc_custom_heading_wrap\"><div class=\"heading-text el-text\" ><h2 class=\"h2 text-accent-color\" ><span>Activit\u00e9 Pr\u00e9sentielle<\/span><\/h2><\/div><div class=\"clear\"><\/div><\/div><div class=\"uncode_text_column text-lead\" ><p><strong><u>Activit\u00e9 pour les \u00e9l\u00e8ves de Hablamos<\/u><\/strong><\/p>\n<\/div><div class=\"vc_custom_heading_wrap\"><div class=\"heading-text el-text\" ><h6 class=\"h4 text-accent-color text-uppercase\" ><span><mark>VENDREDI 1 MAI<\/mark><\/span><\/h6><\/div><div class=\"clear\"><\/div><\/div><div class=\"uncode_text_column text-lead text-accent-color\" ><p>Vendredi prochain, l&#8217;\u00e9cole sera ferm\u00e9e en raison d&#8217;un jour f\u00e9ri\u00e9 national.<\/p>\n<\/div><div class=\"uncode_text_column hide\" ><p><strong>Adresse :<\/strong> Calle Serrano 13, 28001 Madrid<br \/>\n<strong>Point de rendez-vous :<\/strong> \u00c0 l&#8217;entr\u00e9e du mus\u00e9e<br \/>\n<strong>Comment s&#8217;y rendre :<\/strong> M\u00e9tro Serrano (ligne 4), Retiro (ligne 2) et Cercan\u00edas Renfe Recoletos (lignes C1, C2, C7, C8 et C10)<br \/>\n<strong>Prix :<\/strong> Entr\u00e9e au mus\u00e9e 3 \u20ac<\/p>\n<\/div><\/div><\/div><\/div><\/div><\/div><\/div><\/div><\/div><\/div><\/div><\/div><\/div><\/div><script id=\"script-row-unique-11\" data-row=\"script-row-unique-11\" type=\"text\/javascript\" class=\"vc_controls\">UNCODE.initRow(document.getElementById(\"row-unique-11\"));<\/script><\/div><\/div><\/div><div data-parent=\"true\" class=\"vc_row has-bg need-focus style-accent-bg row-container\" id=\"row-unique-13\"><div class=\"row double-top-padding no-bottom-padding single-h-padding limit-width row-parent\"><div class=\"wpb_row row-inner\"><div class=\"wpb_column pos-top pos-center align_center column_parent col-lg-12 single-internal-gutter\"><div class=\"uncol style-light\"  ><div class=\"uncoltable\"><div class=\"uncell no-block-padding\" ><div class=\"uncont\" ><div class=\"uncode-single-media  text-center\"><div class=\"single-wrapper\" style=\"max-width: 70%;\"><div class=\"tmb tmb-light  tmb-media-first tmb-media-last tmb-content-overlay tmb-no-bg\"><div class=\"t-inside\"><div class=\"t-entry-visual\"><div class=\"t-entry-visual-tc\"><div class=\"uncode-single-media-wrapper\"><div class=\"h3 youtube-video fluid-object\" style=\"padding-top: 56.31%\"><iframe title=\"In person and online Spanish courses\" width=\"840\" height=\"473\" src=\"https:\/\/www.youtube.com\/embed\/OplEtzCBSVA?feature=oembed&amp;v=OplEtzCBSVA&amp;t=14s\" frameborder=\"0\" allow=\"accelerometer; autoplay; clipboard-write; encrypted-media; gyroscope; picture-in-picture; web-share\" referrerpolicy=\"strict-origin-when-cross-origin\" allowfullscreen><\/iframe><\/div><\/div>\n\t\t\t\t\t<\/div>\n\t\t\t\t<\/div><\/div><\/div><\/div><\/div><\/div><\/div><\/div><\/div><\/div><script id=\"script-row-unique-13\" data-row=\"script-row-unique-13\" type=\"text\/javascript\" class=\"vc_controls\">UNCODE.initRow(document.getElementById(\"row-unique-13\"));<\/script><\/div><\/div><\/div><div data-parent=\"true\" class=\"vc_row has-bg need-focus style-accent-bg row-container mobile-hidden\" id=\"row-unique-31\"><div class=\"row limit-width row-parent\"><div class=\"wpb_row row-inner\"><div class=\"wpb_column pos-top pos-center align_center column_parent col-lg-12 single-internal-gutter\"><div class=\"uncol style-light\"  ><div class=\"uncoltable\"><div class=\"uncell no-block-padding\" ><div class=\"uncont\" ><div class=\"vc_custom_heading_wrap mobile-hidden\"><div class=\"heading-text el-text\" ><h2 class=\"h1 text-color-xsdn-color\" ><span>C'est <span class=\"split-word uncode-rotating-span uncode-rotating-text-start\" data-text=\"votre \u00e9cole d'espagnol \u00e0 Madrid|bien plus qu'apprendre l'espagnol|Hablamos\" data-fx=\"zoom\" data-wait=\"3000\">&nbsp;<\/span><span class=\"split-word word1\"><span class=\"split-word-flow\"><span class=\"split-word-inner\"><span class=\"split-char char92\">H<\/span><span class=\"split-char char93\">a<\/span><span class=\"split-char char94\">b<\/span><span class=\"split-char char95\">l<\/span><span class=\"split-char char96\">a<\/span><span class=\"split-char char97\">m<\/span><span class=\"split-char char98\">o<\/span><span class=\"split-char char99\">s<\/span><\/span><\/span><\/span><span class=\"split-word uncode-rotating-span uncode-rotating-text-end\">&nbsp;<\/span><\/span><\/h2><\/div><div class=\"clear\"><\/div><\/div><\/div><\/div><\/div><\/div><\/div><script id=\"script-row-unique-31\" data-row=\"script-row-unique-31\" type=\"text\/javascript\" class=\"vc_controls\">UNCODE.initRow(document.getElementById(\"row-unique-31\"));<\/script><\/div><\/div><\/div><div data-parent=\"true\" class=\"vc_row row-container\" id=\"row-unique-33\"><div class=\"row double-top-padding double-bottom-padding single-h-padding limit-width row-parent\"><div class=\"wpb_row row-inner\"><div class=\"wpb_column pos-top pos-center align_center column_parent col-lg-12 single-internal-gutter\"><div class=\"uncol style-light\"  ><div class=\"uncoltable\"><div class=\"uncell no-block-padding\" ><div class=\"uncont\" ><span class=\"btn-container btn-inline animate_when_almost_visible left-t-right\" ><a role=\"button\"  href=\"https:\/\/www.escuela-hablamos.com\/fr\/contact-hablamos\/\" class=\"custom-link btn border-width-0 btn-accent btn-no-scale btn-icon-left\" title=\"Contact Hablamos\">On peut parler ?<\/a><\/span><span class=\"btn-container btn-inline animate_when_almost_visible right-t-left\" ><a role=\"button\"  href=\"#\" class=\"custom-link btn border-width-0 popmake-1853 btn-Hablamos-blue btn-no-scale btn-icon-left\" title=\"Contact Hablamos\">Recevoir notre newsletter ?<\/a><\/span><\/div><\/div><\/div><\/div><\/div><script id=\"script-row-unique-33\" data-row=\"script-row-unique-33\" type=\"text\/javascript\" class=\"vc_controls\">UNCODE.initRow(document.getElementById(\"row-unique-33\"));<\/script><\/div><\/div><\/div><div data-parent=\"true\" class=\"vc_row row-container\" id=\"row-unique-34\"><div class=\"row limit-width row-parent\"><div class=\"wpb_row row-inner\"><div class=\"wpb_column pos-top pos-center align_left column_parent col-lg-12 single-internal-gutter\"><div class=\"uncol style-light\"  ><div class=\"uncoltable\"><div class=\"uncell no-block-padding\" ><div class=\"uncont\" ><div class=\"uncode_text_column\" ><\/div><\/div><\/div><\/div><\/div><\/div><script id=\"script-row-unique-34\" data-row=\"script-row-unique-34\" type=\"text\/javascript\" class=\"vc_controls\">UNCODE.initRow(document.getElementById(\"row-unique-34\"));<\/script><\/div><\/div><\/div>\n<\/div>","protected":false},"excerpt":{"rendered":"<p>Hablamos is your Spanish language school in Madrid. Cultural activities to improve your Spanish<\/p>","protected":false},"author":2,"featured_media":2097,"parent":0,"menu_order":0,"comment_status":"closed","ping_status":"closed","template":"","meta":{"iawp_total_views":4495,"footnotes":""},"class_list":["post-2078","page","type-page","status-publish","has-post-thumbnail","hentry"],"_links":{"self":[{"href":"https:\/\/www.escuela-hablamos.com\/fr\/wp-json\/wp\/v2\/pages\/2078","targetHints":{"allow":["GET"]}}],"collection":[{"href":"https:\/\/www.escuela-hablamos.com\/fr\/wp-json\/wp\/v2\/pages"}],"about":[{"href":"https:\/\/www.escuela-hablamos.com\/fr\/wp-json\/wp\/v2\/types\/page"}],"author":[{"embeddable":true,"href":"https:\/\/www.escuela-hablamos.com\/fr\/wp-json\/wp\/v2\/users\/2"}],"replies":[{"embeddable":true,"href":"https:\/\/www.escuela-hablamos.com\/fr\/wp-json\/wp\/v2\/comments?post=2078"}],"version-history":[{"count":656,"href":"https:\/\/www.escuela-hablamos.com\/fr\/wp-json\/wp\/v2\/pages\/2078\/revisions"}],"predecessor-version":[{"id":158358,"href":"https:\/\/www.escuela-hablamos.com\/fr\/wp-json\/wp\/v2\/pages\/2078\/revisions\/158358"}],"wp:featuredmedia":[{"embeddable":true,"href":"https:\/\/www.escuela-hablamos.com\/fr\/wp-json\/wp\/v2\/media\/2097"}],"wp:attachment":[{"href":"https:\/\/www.escuela-hablamos.com\/fr\/wp-json\/wp\/v2\/media?parent=2078"}],"curies":[{"name":"wp","href":"https:\/\/api.w.org\/{rel}","templated":true}]}}

Activités culturelles à Hablamos

<div class="wpb-content-wrapper"><div data-parent="true" class="vc_row row-container" id="row-unique-4"><div class="row unequal no-top-padding no-bottom-padding no-h-padding full-width row-parent"><div class="wpb_row row-inner"><div class="wpb_column pos-top pos-center align_left column_parent col-lg-6 single-internal-gutter"><div class="uncol style-light animate_when_almost_visible left-t-right"  ><div class="uncoltable" style="min-height: 340px;"><div class="uncell no-block-padding" ><div class="column-background background-element">
											<div class="background-wrapper">
												<div class="background-inner" style="background-image: url(https://www.escuela-hablamos.com/wp-content/uploads/2022/09/free-hablamos.jpg);background-repeat: no-repeat;background-position: center center;background-size: cover;" data-o_src="https://www.escuela-hablamos.com/wp-content/uploads/2022/09/free-hablamos.jpg"></div>
												
											</div>
										</div><div class="uncont" ></div></div></div></div></div><div class="wpb_column pos-middle pos-left align_left column_parent col-lg-6 single-internal-gutter"><div class="uncol style-light animate_when_almost_visible right-t-left"  ><div class="uncoltable"><div class="uncell no-block-padding" ><div class="uncont" ><div class="vc_row row-internal row-container"><div class="row row-child"><div class="wpb_row row-inner"><div class="wpb_column pos-top pos-left align_left column_child col-lg-12 half-internal-gutter"><div class="uncol style-light" ><div class="uncoltable"><div class="uncell single-block-padding" ><div class="uncont" style=" max-width:80%;" ><div class="vc_custom_heading_wrap"><div class="heading-text el-text" data-marquee-speed=""><h3 class="h3 font-weight-400 text-color-620122-color text-uppercase un-text-marquee un-marquee" ><span><mark>Hablamos</mark> votre école de langue espagnole à Madrid, avec plus de 35 ans d&#8217;expérience</span></h3></div><div class="clear"></div></div><div class="empty-space empty-single" ><span class="empty-space-inner"></span></div>
<div class="vc_custom_heading_wrap"><div class="heading-text el-text" ><h1 class="h2" ><span>Activités sociales et culturelles à Hablamos</span></h1></div><div class="clear"></div></div><div class="uncode_text_column" ><p><mark>Hablamos</mark> organise des activités culturelles et sociales chaque semaine pour les étudiants de nos cours intensifs de 20 heures par semaine. Ces activités sont très agréables et amusantes, et aussi très intéressantes : nos étudiants apprennent la culture espagnole en visitant des musées, des lieux d&#8217;intérêt, des parties de la culture espagnole qui sont essentielles pour connaître l&#8217;Espagne. En même temps, nos étudiants continuent à apprendre le vocabulaire lié à ces activités et le mettent en pratique.</p>
<p><!--Chaque semaine, <mark>Hablamos</mark> organise également un <strong>événement en ligne gratuit</strong> dans son espace culturel en ligne, ouvert à tous, qu'ils soient ou non étudiants d'<mark>Hablamos</mark>. Lors de ces événements en ligne, nous organiserons des conférences en espagnol sur des sujets culturels d'intérêt, des visites virtuelles de monuments et de musées célèbres en Espagne, etc. <strong>Chaque semaine, un événement en ligne différent sera organisé et publié sur ce site web. Ces événements sont gratuits et il n'est pas nécessaire d'être inscrit à l'école</strong>. La seule condition est d'avoir au moins le niveau A2 en espagnol.
<strong><u><a href="https://campus.cambridge-house.com/pages/public/inscripcionEventoOnline.jsf" target="_blank" rel="noopener">Vous pouvez réserver votre place ici</a></u></strong>--></p>
</div><div class="empty-space empty-double" ><span class="empty-space-inner"></span></div>
</div></div></div></div></div></div></div></div></div></div></div></div></div><script id="script-row-unique-4" data-row="script-row-unique-4" type="text/javascript" class="vc_controls">UNCODE.initRow(document.getElementById("row-unique-4"));</script></div></div></div><div data-parent="true" class="vc_row has-bg need-focus style-Hablamos-blue3-bg row-container" id="row-unique-11"><div class="row unequal col-double-gutter triple-top-padding triple-bottom-padding single-h-padding limit-width row-parent"><div class="wpb_row row-inner"><div class="wpb_column pos-top pos-center align_left column_parent col-lg-12 half-internal-gutter"><div class="uncol style-light animate_when_almost_visible top-t-bottom"  ><div class="uncoltable"><div class="uncell no-block-padding" ><div class="uncont" ><div class="vc_custom_heading_wrap"><div class="heading-text el-text" ><h2 class="h3" ><span>Notre activité culturelle sur place pour cette semaine est maintenant disponible</span></h2></div><div class="clear"></div></div><div class="empty-space empty-half" ><span class="empty-space-inner"></span></div>
<div class="vc_row row-internal row-container"><div class="row col-double-gutter row-child"><div class="wpb_row row-inner"><div class="wpb_column pos-top pos-center align_left column_child col-lg-12 half-internal-gutter"><div class="uncol style-light" ><div class="uncoltable"><div class="uncell no-block-padding" ><div class="uncont" ><div class="vc_custom_heading_wrap"><div class="heading-text el-text" ><h2 class="h2 text-accent-color" ><span>Activité Présentielle</span></h2></div><div class="clear"></div></div><div class="uncode_text_column text-lead" ><p><strong><u>Activité pour les élèves de Hablamos</u></strong></p>
</div><div class="vc_custom_heading_wrap"><div class="heading-text el-text" ><h6 class="h4 text-accent-color text-uppercase" ><span><mark>VENDREDI 1 MAI</mark></span></h6></div><div class="clear"></div></div><div class="uncode_text_column text-lead text-accent-color" ><p>Vendredi prochain, l&#8217;école sera fermée en raison d&#8217;un jour férié national.</p>
</div><div class="uncode_text_column hide" ><p><strong>Adresse :</strong> Calle Serrano 13, 28001 Madrid<br />
<strong>Point de rendez-vous :</strong> À l&#8217;entrée du musée<br />
<strong>Comment s&#8217;y rendre :</strong> Métro Serrano (ligne 4), Retiro (ligne 2) et Cercanías Renfe Recoletos (lignes C1, C2, C7, C8 et C10)<br />
<strong>Prix :</strong> Entrée au musée 3 €</p>
</div></div></div></div></div></div></div></div></div></div></div></div></div></div><script id="script-row-unique-11" data-row="script-row-unique-11" type="text/javascript" class="vc_controls">UNCODE.initRow(document.getElementById("row-unique-11"));</script></div></div></div><div data-parent="true" class="vc_row has-bg need-focus style-accent-bg row-container" id="row-unique-13"><div class="row double-top-padding no-bottom-padding single-h-padding limit-width row-parent"><div class="wpb_row row-inner"><div class="wpb_column pos-top pos-center align_center column_parent col-lg-12 single-internal-gutter"><div class="uncol style-light"  ><div class="uncoltable"><div class="uncell no-block-padding" ><div class="uncont" ><div class="uncode-single-media  text-center"><div class="single-wrapper" style="max-width: 70%;"><div class="tmb tmb-light  tmb-media-first tmb-media-last tmb-content-overlay tmb-no-bg"><div class="t-inside"><div class="t-entry-visual"><div class="t-entry-visual-tc"><div class="uncode-single-media-wrapper"><div class="h3 youtube-video fluid-object" style="padding-top: 56.31%"><iframe title="In person and online Spanish courses" width="840" height="473" src="https://www.youtube.com/embed/OplEtzCBSVA?feature=oembed&amp;v=OplEtzCBSVA&amp;t=14s" frameborder="0" allow="accelerometer; autoplay; clipboard-write; encrypted-media; gyroscope; picture-in-picture; web-share" referrerpolicy="strict-origin-when-cross-origin" allowfullscreen></iframe></div></div>
					</div>
				</div></div></div></div></div></div></div></div></div></div><script id="script-row-unique-13" data-row="script-row-unique-13" type="text/javascript" class="vc_controls">UNCODE.initRow(document.getElementById("row-unique-13"));</script></div></div></div><div data-parent="true" class="vc_row has-bg need-focus style-accent-bg row-container mobile-hidden" id="row-unique-31"><div class="row limit-width row-parent"><div class="wpb_row row-inner"><div class="wpb_column pos-top pos-center align_center column_parent col-lg-12 single-internal-gutter"><div class="uncol style-light"  ><div class="uncoltable"><div class="uncell no-block-padding" ><div class="uncont" ><div class="vc_custom_heading_wrap mobile-hidden"><div class="heading-text el-text" ><h2 class="h1 text-color-xsdn-color" ><span>C'est <span class="split-word uncode-rotating-span uncode-rotating-text-start" data-text="votre école d'espagnol à Madrid|bien plus qu'apprendre l'espagnol|Hablamos" data-fx="zoom" data-wait="3000">&nbsp;</span><span class="split-word word1"><span class="split-word-flow"><span class="split-word-inner"><span class="split-char char92">H</span><span class="split-char char93">a</span><span class="split-char char94">b</span><span class="split-char char95">l</span><span class="split-char char96">a</span><span class="split-char char97">m</span><span class="split-char char98">o</span><span class="split-char char99">s</span></span></span></span><span class="split-word uncode-rotating-span uncode-rotating-text-end">&nbsp;</span></span></h2></div><div class="clear"></div></div></div></div></div></div></div><script id="script-row-unique-31" data-row="script-row-unique-31" type="text/javascript" class="vc_controls">UNCODE.initRow(document.getElementById("row-unique-31"));</script></div></div></div><div data-parent="true" class="vc_row row-container" id="row-unique-33"><div class="row double-top-padding double-bottom-padding single-h-padding limit-width row-parent"><div class="wpb_row row-inner"><div class="wpb_column pos-top pos-center align_center column_parent col-lg-12 single-internal-gutter"><div class="uncol style-light"  ><div class="uncoltable"><div class="uncell no-block-padding" ><div class="uncont" ><span class="btn-container btn-inline animate_when_almost_visible left-t-right" ><a role="button"  href="https://www.escuela-hablamos.com/fr/contact-hablamos/" class="custom-link btn border-width-0 btn-accent btn-no-scale btn-icon-left" title="Contact Hablamos">On peut parler ?</a></span><span class="btn-container btn-inline animate_when_almost_visible right-t-left" ><a role="button"  href="#" class="custom-link btn border-width-0 popmake-1853 btn-Hablamos-blue btn-no-scale btn-icon-left" title="Contact Hablamos">Recevoir notre newsletter ?</a></span></div></div></div></div></div><script id="script-row-unique-33" data-row="script-row-unique-33" type="text/javascript" class="vc_controls">UNCODE.initRow(document.getElementById("row-unique-33"));</script></div></div></div><div data-parent="true" class="vc_row row-container" id="row-unique-34"><div class="row limit-width row-parent"><div class="wpb_row row-inner"><div class="wpb_column pos-top pos-center align_left column_parent col-lg-12 single-internal-gutter"><div class="uncol style-light"  ><div class="uncoltable"><div class="uncell no-block-padding" ><div class="uncont" ><div class="uncode_text_column" ></div></div></div></div></div></div><script id="script-row-unique-34" data-row="script-row-unique-34" type="text/javascript" class="vc_controls">UNCODE.initRow(document.getElementById("row-unique-34"));</script></div></div></div>
</div>
