{"version":"1.0","provider_name":"Hablamos, Spanish School","provider_url":"https:\/\/www.escuela-hablamos.com\/es","author_name":"Pilar Vidueira","author_url":"https:\/\/www.escuela-hablamos.com\/es\/author\/pilar\/","title":"D\u00eda de Muertos en Hablamos - Hablamos, Spanish School","type":"rich","width":600,"height":338,"html":"<blockquote class=\"wp-embedded-content\" data-secret=\"EuAFMIdPhH\"><a href=\"https:\/\/www.escuela-hablamos.com\/es\/dia-de-muertos-en-hablamos\/\">D\u00eda de Muertos en Hablamos<\/a><\/blockquote><iframe sandbox=\"allow-scripts\" security=\"restricted\" src=\"https:\/\/www.escuela-hablamos.com\/es\/dia-de-muertos-en-hablamos\/embed\/#?secret=EuAFMIdPhH\" width=\"600\" height=\"338\" title=\"\u00abD\u00eda de Muertos en Hablamos\u00bb \u2014 Hablamos, Spanish School\" data-secret=\"EuAFMIdPhH\" frameborder=\"0\" marginwidth=\"0\" marginheight=\"0\" scrolling=\"no\" class=\"wp-embedded-content\"><\/iframe><script type=\"text\/javascript\">\n\/* <![CDATA[ *\/\n\/*! This file is auto-generated *\/\n!function(d,l){\"use strict\";l.querySelector&&d.addEventListener&&\"undefined\"!=typeof URL&&(d.wp=d.wp||{},d.wp.receiveEmbedMessage||(d.wp.receiveEmbedMessage=function(e){var t=e.data;if((t||t.secret||t.message||t.value)&&!\/[^a-zA-Z0-9]\/.test(t.secret)){for(var s,r,n,a=l.querySelectorAll('iframe[data-secret=\"'+t.secret+'\"]'),o=l.querySelectorAll('blockquote[data-secret=\"'+t.secret+'\"]'),c=new RegExp(\"^https?:$\",\"i\"),i=0;i<o.length;i++)o[i].style.display=\"none\";for(i=0;i<a.length;i++)s=a[i],e.source===s.contentWindow&&(s.removeAttribute(\"style\"),\"height\"===t.message?(1e3<(r=parseInt(t.value,10))?r=1e3:~~r<200&&(r=200),s.height=r):\"link\"===t.message&&(r=new URL(s.getAttribute(\"src\")),n=new URL(t.value),c.test(n.protocol))&&n.host===r.host&&l.activeElement===s&&(d.top.location.href=t.value))}},d.addEventListener(\"message\",d.wp.receiveEmbedMessage,!1),l.addEventListener(\"DOMContentLoaded\",function(){for(var e,t,s=l.querySelectorAll(\"iframe.wp-embedded-content\"),r=0;r<s.length;r++)(t=(e=s[r]).getAttribute(\"data-secret\"))||(t=Math.random().toString(36).substring(2,12),e.src+=\"#?secret=\"+t,e.setAttribute(\"data-secret\",t)),e.contentWindow.postMessage({message:\"ready\",secret:t},\"*\")},!1)))}(window,document);\n\/\/# sourceURL=https:\/\/www.escuela-hablamos.com\/wp-includes\/js\/wp-embed.min.js\n\/* ]]> *\/\n<\/script>","thumbnail_url":"https:\/\/www.escuela-hablamos.com\/wp-content\/uploads\/2024\/11\/hallo2.jpg","thumbnail_width":1400,"thumbnail_height":1056,"description":"Octubre es, para muchos, sin\u00f3nimo de Halloween, pero \u00bfy en los pa\u00edses hispanohablantes? \u00a1Ten\u00edamos que contarlo! Y como esta fiesta coincide con el \u00faltimo d\u00eda de nuestros cursos intensivos de espa\u00f1ol para extranjeros, no se nos ocurr\u00eda una forma mejor que una peque\u00f1a fiesta del D\u00eda de Muertos"}

Día de Muertos en Hablamos - Hablamos, Spanish School

<blockquote class="wp-embedded-content" data-secret="EuAFMIdPhH"><a href="https://www.escuela-hablamos.com/es/dia-de-muertos-en-hablamos/">Día de Muertos en Hablamos</a></blockquote><iframe sandbox="allow-scripts" security="restricted" src="https://www.escuela-hablamos.com/es/dia-de-muertos-en-hablamos/embed/#?secret=EuAFMIdPhH" width="600" height="338" title="«Día de Muertos en Hablamos» — Hablamos, Spanish School" data-secret="EuAFMIdPhH" frameborder="0" marginwidth="0" marginheight="0" scrolling="no" class="wp-embedded-content"></iframe><script type="text/javascript">
/* <![CDATA[ */
/*! This file is auto-generated */
!function(d,l){"use strict";l.querySelector&&d.addEventListener&&"undefined"!=typeof URL&&(d.wp=d.wp||{},d.wp.receiveEmbedMessage||(d.wp.receiveEmbedMessage=function(e){var t=e.data;if((t||t.secret||t.message||t.value)&&!/[^a-zA-Z0-9]/.test(t.secret)){for(var s,r,n,a=l.querySelectorAll('iframe[data-secret="'+t.secret+'"]'),o=l.querySelectorAll('blockquote[data-secret="'+t.secret+'"]'),c=new RegExp("^https?:$","i"),i=0;i<o.length;i++)o[i].style.display="none";for(i=0;i<a.length;i++)s=a[i],e.source===s.contentWindow&&(s.removeAttribute("style"),"height"===t.message?(1e3<(r=parseInt(t.value,10))?r=1e3:~~r<200&&(r=200),s.height=r):"link"===t.message&&(r=new URL(s.getAttribute("src")),n=new URL(t.value),c.test(n.protocol))&&n.host===r.host&&l.activeElement===s&&(d.top.location.href=t.value))}},d.addEventListener("message",d.wp.receiveEmbedMessage,!1),l.addEventListener("DOMContentLoaded",function(){for(var e,t,s=l.querySelectorAll("iframe.wp-embedded-content"),r=0;r<s.length;r++)(t=(e=s[r]).getAttribute("data-secret"))||(t=Math.random().toString(36).substring(2,12),e.src+="#?secret="+t,e.setAttribute("data-secret",t)),e.contentWindow.postMessage({message:"ready",secret:t},"*")},!1)))}(window,document);
//# sourceURL=https://www.escuela-hablamos.com/wp-includes/js/wp-embed.min.js
/* ]]> */
</script>

Octubre es, para muchos, sinónimo de Halloween, pero ¿y en los países hispanohablantes? ¡Teníamos que contarlo! Y como esta fiesta coincide con el último día de nuestros cursos intensivos de español para extranjeros, no se nos ocurría una forma mejor que una pequeña fiesta del Día de Muertos
